- 239. Let z(d) = 4*d - 33. What is the remainder when n is divided by z(12)?
11
Suppose 0 = -89*b + 86*b - 45. Let g(f) = 2*f**2 + 19*f + 11. Calculate the remainder when g(b) is divided by 15.
11
Let d = 113 + -81. Let i = 26 - 21. Suppose 2*k - 3*n = 6*k - d, i*k - 40 = 5*n. Calculate the remainder when k is divided by 6.
2
Calculate the remainder when 1403 is divided by -15*126/(-35) - 10.
39
Let q(t) = -7919*t - 94995. Let k(r) = -16*r**3 + r**2 + 2*r + 2. Calculate the remainder when k(-2) is divided by q(-12).
31
Let s(r) = r**2 + 4*r - 17. Let h be s(4). Suppose -h = -y - 39. Let c = 36 + y. Calculate the remainder when 34 is divided by c.
10
Let z = 201 - 199. Suppose 14 + 16 = z*l. What is the remainder when 87 is divided by l?
12
Let a(v) = 2*v**3 - v**2 - v + 18. Suppose -5*p + 3*p = 3*p. What is the remainder when a(p) is divided by 12?
6
Suppose 0 = -3358*m + 3407*m - 88592. What is the remainder when m is divided by 37?
32
Suppose -2*a - 4*c - 12 = -7*a, -5*a - 5*c = 15. Suppose a = -3*k - 7*u + 9*u + 196, u - 305 = -5*k. What is the remainder when k is divided by 5?
2
Let s = -2236 + 2831. Calculate the remainder when 1799 is divided by s.
14
Suppose 0 = 12*o - 1979 - 2929. Suppose 3*d - o = 2*z, 0 = -4*d + z - 0*z + 537. Calculate the remainder when 7 is divided by (-3)/8 + d/56.
1
Suppose s + 5*z - 472 = 0, -z = -3*s + 815 + 585. Calculate the remainder when 1409 is divided by s.
8
Let d be 95/(-114)*(-6 - 0). Suppose -2*z = d*b - 4*z - 74, 5*z + 66 = 4*b. What is the remainder when 125 is divided by b?
13
Suppose -2*k - 46 = -4*f, -5*k + 0 = -4*f + 61. Calculate the remainder when 218 is divided by f.
2
Suppose -26*h + 2197 = -77051. What is the remainder when h is divided by 139?
129
Suppose -4*v + 7*v - 27 = 0. Suppose 0 = u - 4*u + v. Suppose -19 = -u*r + 26. Calculate the remainder when 29 is divided by r.
14
Suppose -2*v + 160 = 3*c, 2*v = 143*c - 138*c + 192. Calculate the remainder when 3953 is divided by v.
83
Suppose 5*t + 2*q = 69461, -25*q + 19*q = 3*t - 41667. What is the remainder when t is divided by 193?
190
Let p(t) = 8*t**2 + 2*t + 7. Let j(r) = -9*r**2 - r - 6. Let d(y) = 5*j(y) + 6*p(y). What is the remainder when 68 is divided by d(-4)?
4
Let j = -4051 + 6646. Calculate the remainder when j is divided by 49.
47
Suppose 5*n - 4605 = -5*y, 41*n - 45*n + 2764 = 3*y. Let b = y - 876. What is the remainder when 114 is divided by b?
26
Suppose 61 = 10*j + 1. Suppose -4*p - j = -62. Calculate the remainder when 54 is divided by p.
12
Suppose -10*u + 1258 = -432. What is the remainder when 1847 is divided by u?
157
Let g = -13 + 37. Let k be (-3 - (-4)/6) + 8/g. What is the remainder when (-32)/(-8) + k + 48 is divided by 21?
8
Let q(w) = -w**3 - 22*w**2 - 138*w - 12. What is the remainder when q(-11) is divided by 28?
7
Suppose 5 + 24 = t. Suppose 4*i + 5*w - 265 = 581, -i = 3*w - 215. Suppose 4*v - i = 351. What is the remainder when v is divided by t?
24
Let x = 88 - 63. What is the remainder when (-2)/(-4)*(-2646)/(-49) is divided by x?
2
Let p = -9685 - -9793. What is the remainder when 392 is divided by p?
68
Let t(c) = -44*c + 376. What is the remainder when 591 is divided by t(8)?
15
Let s = 1597 + -1566. Let h(f) = f**2 + 3*f + 6. Calculate the remainder when s is divided by h(-4).
1
Suppose -7344 + 764 = -94*t. Calculate the remainder when 1749 is divided by t.
69
Let w = 1067 - 567. Let u = -270 + 448. Calculate the remainder when u is divided by w/14 - 16/(-56).
34
Let r = -1918 - -2185. What is the remainder when r is divided by 29?
6
What is the remainder when -22498*(-12)/300 + 4/50 is divided by 114?
102
Suppose 143 = m + 115. Let h = 239 + -223. What is the remainder when m is divided by h?
12
Suppose -14*t - 26 - 2 = 0. What is the remainder when 198 is divided by (67 - (-3 - (t + 1))) + -2?
64
Calculate the remainder when 1402 is divided by -7 + -9 + 10 + (67 - 0).
60
Suppose 84 = 4*g - 0*u + 2*u, 4*u = -5*g + 108. What is the remainder when (-7 + -781)*(-2)/8 is divided by g?
17
Let b = -8419 - -8566. Calculate the remainder when b is divided by 91.
56
Let n be 3 + 238/8 + (-5)/(-20). Let z(c) = -10*c + 12*c + n - 4*c. What is the remainder when 207 is divided by z(-10)?
48
Let w(p) = 443*p**2 + 148*p + 303. What is the remainder when w(-2) is divided by 99?
96
Suppose 3*m + 4*l = -7 + 23, -5*m = -l + 4. Let t(h) = h**2 - 48. Let w be t(7). Calculate the remainder when 38 is divided by (w + 3)*((m - -5) + -1).
6
Suppose -w = 2*j + w - 536, 2*w = 4*j - 1090. Let q = -151 + j. Suppose t + 27 = l, -50 = 2*l + 2*t - q. What is the remainder when l is divided by 4?
3
Let h(c) = -5 - 6*c - 17 + 0 - 8. Suppose -5*r - 204 = -9*r. Calculate the remainder when r is divided by h(-8).
15
Let m(g) = g**2 - g + 22. Let p be m(0). Suppose 0*o = 3*o - 4*q - p, -5*o + q = -65. Calculate the remainder when 52 is divided by 9/2*((o - 3) + -5).
25
Suppose -13*i - 293*i + 817603 + 1354079 = 0. What is the remainder when i is divided by 2362?
11
Let n(a) = a**2 + 3*a + 3. Let g(b) = 3*b + 6. Let q = 2 - 2. Let y be g(q). Calculate the remainder when n(y) is divided by 20.
17
Suppose 15*l = 18*l - 711. Suppose -13 = -h + 5*y, y = 5*h + 5*y - 7. Suppose h*k - 53 = 67. Calculate the remainder when l is divided by k.
37
Suppose 4*a + 57 = 3*l, 8*a = 5*a. Suppose -l*n + 32 = -17*n. What is the remainder when 366 is divided by n?
14
Suppose 5*t + 7*m = 771, t + 2*m + 632 = 5*t. Calculate the remainder when t is divided by 73.
11
Let s(q) = 4*q + 10. Let w be s(-4). Let x be (-72)/w*1/3. Suppose 30 = m + 3*u, 2*u + 49 + 43 = x*m. What is the remainder when 95 is divided by m?
23
Suppose -7*k - 2*b = -8*k + 25, -48 = -2*k + 5*b. What is the remainder when 433 is divided by k?
27
Suppose q = -8 + 17. Let l be (-213)/q + 6/(-18). What is the remainder when l/132 + 356/22 is divided by 5?
1
Suppose 0*f + 5*f + 3*k - 12 = 0, -8 = -5*f - 2*k. Suppose a - w - 51 = f, 4*a = 5*a + 2*w - 51. Let m = 95 - a. What is the remainder when m is divided by 15?
14
Let g = -39 + 60. Let v be 4/(-10) - (3228/(-15))/(-2). Let a = -70 - v. Calculate the remainder when a is divided by g.
17
Suppose -104 = -3*n - 0*s + 4*s, -4*s = 4*n - 92. What is the remainder when 887 is divided by n?
19
Let n(m) = -m**3 - 3*m**2 + m. Let p be n(-3). Let h be -2*(-3)/(p/(-4)). Suppose -53 = -h*u + 35. Calculate the remainder when 75 is divided by u.
9
Let k = 164 - 162. Suppose k*n - 2*o - 44 = 0, 5*n + 5 = 2*o + 109. Calculate the remainder when 57 is divided by n.
17
What is the remainder when (2202/(-57))/(28/(-266)) is divided by 74?
71
Let y(l) = -11*l**3 - 4*l**2 + 121*l + 252. What is the remainder when 280 is divided by y(-2)?
34
Suppose 5*h = 8*l - 816, -2*l - 2*h - 28 = -232. What is the remainder when l is divided by 40?
22
Let b(d) = -6*d**3 - 2*d**2 - 7*d + 15. What is the remainder when b(-3) is divided by 78?
24
Let i(d) = d**3 - 43*d + 2603. What is the remainder when 7814 is divided by i(0)?
5
Let q = 8434 - 6710. Calculate the remainder when q is divided by 159.
134
Suppose -16*v + 18*v = 36. Suppose -5*s = -0*s - 415. What is the remainder when s is divided by v?
11
Suppose 0 = -4*y - 5*v + 44, v = -y - 2*v + 4. Suppose -5*j + 2*d = 5*d - 4, d = -2. What is the remainder when 440/(12 - 7) - j*-2 is divided by y?
12
Let t = -37 - -44. Suppose -10*r + 174*r - 31*r - 4655 = 0. What is the remainder when r is divided by t?
0
Let z = 15 + -8. What is the remainder when 6 + 1 + -8 - 276/(-23) is divided by z?
4
Suppose 3*f - 534 = -486. Suppose f*g - 1312 = -0*g. Calculate the remainder when 572 is divided by g.
80
Let p be 216/15 - ((-18)/30 + 1). Suppose -p*a = -27*a + 182. Calculate the remainder when 45 is divided by a.
3
Let b(x) = 73*x**2 + 739*x + 2090. What is the remainder when b(-5) is divided by (-82)/(-3) - 2/(-3)?
24
Suppose -119*r + 134*r = 735. Calculate the remainder when 87 is divided by r.
38
Suppose 3*r - 474 = -5*q, r + 196 = 2*q - r. Calculate the remainder when q is divided by (-11)/2*(4/(-2) - 0).
8
Let g = -1000 + 1490. Suppose 124*f - 134*f = -g. Calculate the remainder when 164 is divided by f.
17
Let p = 49 + -33. Suppose -4*c + 34 - 14 = 0. Suppose -8*r + 183 = -c*r. Calculate the remainder when r is divided by p.